te the remainder when 6/(-2)*q/3 is divided by 22.
21
Let o = -47 - -32. Calculate the remainder when 19 is divided by (o/5 + 4)*12.
7
Let q(w) = w. Let g be q(-10). Calculate the remainder when 16 is divided by 8 - 5/(g/4).
6
Suppose 0 = -103*c + 27*c + 988. Let r = 29 + -19. What is the remainder when 254/10 - 4/r is divided by c?
12
Suppose 0 = -3*g + 8*g - 5, -2*g - 6 = -h. What is the remainder when (6/(-4))/(99/(-110))*18 is divided by h?
6
Let k(b) = -2*b + 12. Suppose 2*i - 28 = -2*i. Let w = i - 7. Calculate the remainder when 33 is divided by k(w).
9
Let k(t) = -4*t - 3. Let x be (38/3)/(4/6). Suppose -n - 15 + x = 0. Calculate the remainder when k(-2) is divided by n.
1
Let l = 1 + 3. Suppose -3*b + l*b - 9 = 0. Let o(z) = -2*z**3 - z**2 + 6*z + 5. What is the remainder when b is divided by o(-2)?
4
Let r(z) = 25*z + 3. Let p be r(-2). Let q = -5 - p. Calculate the remainder when q is divided by (-4*54/(-60))/(6/15).
6
Suppose -80 = -2*v - t - t, 4*v - 2*t = 184. Suppose 4*w - g = 117 - 23, 2*w - 5*g - 38 = 0. What is the remainder when v is divided by w?
20
Suppose -286*g = -280*g - 1824. What is the remainder when g is divided by 9?
7
Let j be (-1647)/(-45) - 6/10. What is the remainder when 1/2*1*2 is divided by ((-1)/(-2))/(18/j)?
0
Let c = -35 - -29. Let z = 10 + c. Suppose z*f - 201 = f. What is the remainder when f is divided by 17?
16
Suppose 2*q = -0*q - 12. Let x be (-6)/(-10) + 565/(-25). Let w = q - x. What is the remainder when 46 is divided by w?
14
Suppose 4*g - 593 = 3*b + 8, -4*g + 580 = 4*b. Let n(i) = i**2 + 2*i + 1. What is the remainder when g is divided by n(-6)?
23
Let u = -12 + 23. Suppose -3*n - 589 = -22*n. What is the remainder when n is divided by u?
9
Suppose 2*o = -4*f + 44, 2*o + 2*f + 8 = 62. Calculate the remainder when 158 is divided by o.
30
Let r(g) = -3*g - 400. Let x be r(0). Let c = -280 - x. Calculate the remainder when c is divided by 31.
27
Let r be 0/(-2) - (1 + -3). Suppose -7*o + 11 = 11. Suppose -r*f - 2 = -o*f, i = 3*f + 42. Calculate the remainder when i is divided by 10.
9
What is the remainder when (-6842)/(-26) + 24/(-156) is divided by 44?
43
Let l = 49 + -29. Calculate the remainder when 2098 is divided by l.
18
Let s(c) = 20*c + 30. Calculate the remainder when s(0) is divided by 4.
2
Let w = 59 - 41. Let v = w + 30. Suppose 2*q = -14 + v. Calculate the remainder when 65 is divided by q.
14
Suppose 4*y - k = -221, 2*y - 2*k + k = -113. Let n = y - -99. What is the remainder when n is divided by (-2 + 3)*-1 - -17?
13
Suppose 3*x + 57 = -2*j + 184, -4*x = 3*j - 188. What is the remainder when 333 is divided by j?
53
Let w = -220 - -244. What is the remainder when 59 is divided by w?
11
Let b(p) = -16*p - 7. Let d = 318 - 291. What is the remainder when b(-7) is divided by d?
24
Let s(z) = 9*z**2 + 7*z + 7. Let a be (-24)/3 + 3 + 2. Calculate the remainder when s(a) is divided by 35.
32
Let p(g) = 3*g**3 + 8*g**2 - g - 11. Let i(o) = o**3 + 3*o**2 - 4. Let w(c) = -7*i(c) + 2*p(c). Calculate the remainder when 60 is divided by w(-5).
12
Let c be 2*6/(-4)*1. Let u be 4/((-2)/(c - 11)). Let y = u + 12. Calculate the remainder when y is divided by 7.
5
Suppose 8*g + 2*p - 4 = 3*g, 4*g - 23 = 5*p. Calculate the remainder when 3/(-12) - 98/(-8) is divided by (2*(-7)/g)/(-1).
5
Let p(w) = w**3 + 7*w**2 + 4*w + 2. Let m = 12 + -10. Let v = 25 + m. What is the remainder when v is divided by p(-6)?
13
Let d(f) = 9*f - 29. What is the remainder when 45 is divided by d(7)?
11
Let c(w) = -15*w. Calculate the remainder when c(-3) is divided by 44.
1
Let b(q) = -2*q**3 + q**2 - 28*q - 100. What is the remainder when b(-4) is divided by 42?
30
Let l(d) = 364*d - 118. Calculate the remainder when l(2) is divided by 47.
46
Calculate the remainder when 6 is divided by (17/(-3) - -6)/((-8)/(-72)).
0
Let c(f) = f**3 + 12*f**2 - 17*f - 25. Let k(r) = 77*r**3. What is the remainder when k(1) is divided by c(-13)?
23
What is the remainder when (3/((-36)/(-60)))/((-1)/(-19)) is divided by 32?
31
Suppose 5*f - 13*c + 11*c = 131, -140 = -5*f + 5*c. What is the remainder when 49 is divided by f?
24
Let h be 8/44 + 0 - (-930)/(-33). Let x = -2 - h. What is the remainder when x is divided by 14?
12
Let u(h) = 45*h**3 - 4*h**2 - 124*h + 127. Calculate the remainder when u(1) is divided by ((-9)/6)/((-6)/32).
4
Let d(z) = -2*z**3 + 2*z**2 - 7*z - 4. Let p be d(3). Let o = -36 - p. Calculate the remainder when o is divided by 14.
11
Let b(d) = 2*d**2 + 10*d + 3. Let q be (-427)/49 + (-2)/7. Let p be b(q). Suppose p - 5 = 5*m. Calculate the remainder when m is divided by 8.
6
Let a = -1304 + 1333. Calculate the remainder when 1014 is divided by a.
28
Let t(h) = h - 8. Let z = 18 - 5. What is the remainder when 8 is divided by t(z)?
3
Let o(y) = -357*y - 1. Let v be o(-1). Suppose -v + 88 = -4*h. Suppose -h = -3*p - 4. What is the remainder when p is divided by 11?
10
Let d(p) = -4*p**3 - 33*p**2 - 24*p - 82. Calculate the remainder when 1240 is divided by d(-8).
44
Suppose -171 - 509 = -4*h - 3*d, -4*h - d + 688 = 0. What is the remainder when h is divided by 26?
17
Suppose -4*q = -12, -75*l + 70*l = 3*q - 299. What is the remainder when l is divided by ((-20)/(-3))/((-2)/(-6))?
18
Let s(i) = -3*i**3 + 2*i**2 + i - 3. Calculate the remainder when 39 is divided by s(-2).
12
Suppose o + 5*g = 70, 0 = 2*o + 3*g - 33 - 107. Calculate the remainder when 1048 is divided by o.
68
Let y be (1/2)/((-4)/(-256)). Let r be (-1)/(-2) + 48/y. Suppose -4*i - r = -54. What is the remainder when 63 is divided by i?
11
Let v be 9/(-2)*(0 + 4). Let b(o) = o**2 + 18*o + 18. Let n be b(v). Suppose 6*a - 18 = n. What is the remainder when a is divided by 2?
0
Let f = -54 + 75. Calculate the remainder when f is divided by ((-12)/20)/((-5)/150*3).
3
Calculate the remainder when 361 is divided by ((-292)/56 + (-18)/63)*-2.
9
Suppose 21*q = 20*q + 3. Suppose 0 = -t + q*t + 140. Let i = -44 - t. Calculate the remainder when 75 is divided by i.
23
Suppose -20*j + 3*o = -17*j - 123, 5*o = 10. Calculate the remainder when 78 is divided by j.
35
Let l(p) = -p**2 + 68*p + 1003. Suppose -4*u = -18 - 90. What is the remainder when l(79) is divided by u?
26
What is the remainder when (4 - (-8046)/33) + (-10)/(-55) is divided by 50?
48
Let v = 31 + -23. Let b(p) = p**2 + 16*p - 30*p + 10*p + 3. What is the remainder when 137 is divided by b(v)?
32
Let k(b) = -6*b**2 - 2 + 5*b**2 + 10 + 1. What is the remainder when k(0) is divided by 3?
0
Let c = 255 - 68. Calculate the remainder when c is divided by 47.
46
Let t = -16 + 29. Suppose 5*y - t = -3. Calculate the remainder when y is divided by -6 + 2 + 5 - 0.
0
Suppose 0 = -3*a + 2*a + 48. Suppose 6*x - a = 3*x. Calculate the remainder when x is divided by 7 - (3 + (-6 - -3)).
2
Suppose -18*v + 14*v - 1624 = 0. What is the remainder when v/(-21) + 2/3 + -1 is divided by 5?
4
Suppose -39*j + 410 = -331. Suppose 5 - 1 = -4*t. What is the remainder when j is divided by 14*(t - 1)/(-4)?
5
Suppose q = -5, 3*q - 84 = -a - 85. Calculate the remainder when 41 is divided by a.
13
Suppose -4*u + 3*x = -458, 2 = -4*x - 6. What is the remainder when u is divided by 31?
20
Suppose -n + 436 = 3*n. Let g(x) = -x**3 + 28*x**2 + 25*x + 138. What is the remainder when n is divided by g(29)?
21
Let c(x) = 2*x**2 + 7*x - 1. Let g be c(-7). Suppose -3*n + 60 = -g. Let l = 57 - n. What is the remainder when 83 is divided by l?
20
Let d(z) be the third derivative of -z**6/120 - z**4/24 + z**3/6 + 2*z**2. Let p(h) = -40*h + 3. Calculate the remainder when p(0) is divided by d(0).
0
Let j be 462/15 - (-20)/(-25). Let b = j + -13. What is the remainder when 50 is divided by b?
16
Let h(v) = -v**3 - 26*v**2 + 2*v + 59. Calculate the remainder when 20 is divided by h(-26).
6
Let b(v) = 24*v + 223. Suppose 3*l - 3 = 9. Calculate the remainder when (-26)/(-2) - l/4 is divided by b(-9).
5
Let h(n) be the second derivative of n**5/20 + 7*n**2/2 - 3*n. What is the remainder when 33 is divided by h(0)?
5
Let s(r) = -2*r**3 - 2*r. Let h be s(2). Let k = -7 - h. Let v = -2 - -9. Calculate the remainder when k is divided by v.
6
Suppose 105*d + 960 = 111*d. Calculate the remainder when d is divided by 55.
50
Suppose d + 4*n = 137, 4*n 